number?
True
Is 23059 composite?
False
Is 258293 prime?
False
Is 2161 a composite number?
False
Is 2366933 a prime number?
True
Is 11027 a composite number?
False
Is 166541 a composite number?
False
Is 287597 prime?
True
Is 723787 composite?
True
Is 1417 a composite number?
True
Is 3396671 a prime number?
True
Is 58713 composite?
True
Is 13751 a prime number?
True
Is 32017 prime?
False
Is 13283 a prime number?
False
Is 25889 prime?
True
Is 78655 composite?
True
Is 9442 composite?
True
Is 2477 prime?
True
Is 24279 composite?
True
Is 45751 a composite number?
False
Is 7573 composite?
False
Is 265463 a composite number?
True
Is 3079 a prime number?
True
Is 2053 a composite number?
False
Is 54914 composite?
True
Is 14969 a composite number?
False
Is 1517 a prime number?
False
Is 6029 prime?
True
Is 18041 composite?
False
Is 60719 composite?
False
Is 97541 a prime number?
False
Is 74329 a composite number?
True
Is 154655 a prime number?
False
Is 190253 prime?
False
Is 146633 a composite number?
True
Is 1267043 prime?
True
Is 801763 composite?
True
Is 937 composite?
False
Is 6449 a prime number?
True
Is 5779 prime?
True
Is 12055 a prime number?
False
Is 5645 prime?
False
Is 2149 a composite number?
True
Is 11863 composite?
False
Is 197947 a composite number?
False
Is 56489 prime?
True
Is 9077 composite?
True
Is 635587 composite?
True
Is 7811 a composite number?
True
Is 15529 a composite number?
True
Is 4696379 prime?
True
Is 20161 prime?
True
Is 71471 a composite number?
False
Is 1416313 prime?
False
Is 13322 a prime number?
False
Is 39293 a prime number?
True
Is 212945 prime?
False
Is 653721 composite?
True
Is 18118 composite?
True
Is 16581 prime?
False
Is 3416191 a prime number?
True
Is 83041 prime?
False
Is 2051 prime?
False
Is 54123 composite?
True
Is 185947 a composite number?
False
Is 121001 a composite number?
False
Is 462541 a prime number?
True
Is 41417 composite?
True
Is 673 a composite number?
False
Is 30631 prime?
True
Is 170953 a composite number?
False
Is 21 prime?
False
Is 862523 prime?
False
Is 4351 a composite number?
True
Is 244079 a prime number?
False
Is 419989 a prime number?
False
Is 95179 composite?
True
Is 6803 composite?
False
Is 3983 composite?
True
Is 8501 composite?
False
Is 632779 a composite number?
True
Is 3160781 a prime number?
False
Is 3581 a composite number?
False
Is 29663 a composite number?
False
Is 260605 composite?
True
Is 92257 composite?
True
Is 53231 prime?
True
Is 34141 a composite number?
False
Is 503809 composite?
True
Is 871 a prime number?
False
Is 3386 prime?
False
Is 104689 composite?
True
Is 95701 composite?
False
Is 2631 composite?
True
Is 77381 composite?
True
Is 21377 a composite number?
False
Is 84253 composite?
True
Is 1735 composite?
True
Is 835441 a composite number?
False
Is 265805 prime?
False
Is 14349 composite?
True
Is 135251 a composite number?
True
Is 224933 a composite number?
True
Is 42677 composite?
False
Is 21179 a prime number?
True
Is 25439 composite?
False
Is 2897 a composite number?
False
Is 39293 a composite number?
False
Is 489 prime?
False
Is 359657 a prime number?
True
Is 50767 composite?
False
Is 90089 prime?
True
Is 1658561 prime?
True
Is 2517959 a prime number?
True
Is 1647031 prime?
True
Is 14489 a composite number?
False
Is 44519 prime?
True
Is 30929 a prime number?
False
Is 37397 a prime number?
True
Is 2331213 prime?
False
Is 2521 composite?
False
Is 4349 composite?
False
Is 402689 composite?
True
Is 953 composite?
False
Is 225679 a prime number?
False
Is 50507 composite?
True
Is 284521 a prime number?
True
Is 14303 prime?
True
Is 9961 a composite number?
True
Is 313309 prime?
False
Is 60317 a prime number?
True
Is 984299 prime?
True
Is 926897 prime?
False
Is 62311 a composite number?
False
Is 45533 a prime number?
True
Is 407 prime?
False
Is 1262 composite?
True
Is 83177 composite?
False
Is 33287 a composite number?
False
Is 343913 prime?
True
Is 139981 a prime number?
True
Is 241489 prime?
True
Is 78271 composite?
True
Is 11089 a composite number?
True
Is 10817 a composite number?
True
Is 4409 prime?
True
Is 664889 a composite number?
True
Is 495609 prime?
False
Is 77969 a prime number?
True
Is 554713 a composite number?
True
Is 611 a composite number?
True
Is 19853 composite?
False
Is 100069 prime?
True
Is 16817 prime?
False
Is 307163 composite?
False
Is 1531657 a prime number?
True
Is 3785 a composite number?
True
Is 20663 prime?
True
Is 4843 a prime number?
False
Is 278459 a composite number?
False
Is 353237 a composite number?
False
Is 2161 a prime number?
True
Is 4288049 prime?
True
Is 5519 a composite number?
False
Is 9413 a prime number?
True
Is 1905441 composite?
True
Is 16637 prime?
False
Is 2819 a composite number?
False
Is 18839 a prime number?
True
Is 24841 prime?
True
Is 46021 a composite number?
False
Is 40099 composite?
False
Is 793 a composite number?
True
Is 53401 prime?
True
Is 839669 a composite number?
False
Is 29851 prime?
True
Is 117229 composite?
True
Is 28201 a prime number?
True
Is 5617 composite?
True
Is 3427 composite?
True
Is 335 a prime number?
False
Is 55381 prime?
True
Is 223 a prime number?
True
Is 63269 composite?
True
Is 8981 prime?
False
Is 36103 a prime number?
False
Is 80903 prime?
False
Is 1637 composite?
False
Is 185245 a prime number?
False
Is 1571657 a composite number?
False
Is 457573 composite?
True
Is 773657 a composite number?
False
Is 1579703 composite?
False
Is 84253 prime?
False
Is 8191 composite?
False
Is 40345 a composite number?
True
Is 3251 composite?
False
Is 1018778 a prime number?
False
Is 34789 composite?
True
Is 57089 a prime number?
True
Is 117101 prime?
True
Is 19105 a composite number?
True
Is 127151 composite?
True
Is 32083 a composite number?
False
Is 2666779 composite?
False
Is 173231 a composite number?
True
Is 443503 a prime number?
False
Is 71249 prime?
True
Is 15859 composite?
False
Is 1657 composite?
False
Is 444653 a composite number?
True
Is 379 a composite number?
False
Is 12247 a composite number?
True
Is 117037 composite?
False
Is 101666 prime?
False
Is 87799 composite?
True
Is 7631 a prime number?
False
Is 448037 a composite number?
True
Is 11303 a composite number?
True
Is 43573 a prime number?
True
Is 3777721 a composite number?
False
Is 7669 a prime number?
True
Is 7835 a composite number?
True
Is 79801 a prime number?
True
Is 179429 prime?
True
Is 2129 composite?
False
Is 743 a prime number?
True
Is 14047 prime?
False
Is 8513 prime?
True
Is 130927 composite?
False
Is 52873 prime?
False
Is 1384477 prime?
True
Is 648607 prime?
True
Is 6547 a composite number?
False
Is 18143 a composite number?
False
Is 77839 a composite number?
False
Is 9722 composite?
True
Is 204641 a composite number?
False
Is 19631 prime?
False
Is 565991 a prime number?
False
Is 7117 composite?
True
Is 417827 prime?
False
Is 102967 prime?
True
Is 222107 composite?
False
Is 1111735 a composite number?
True
Is 470429 composite?
False
Is 17601 a prime number?
False
Is 11113 a composite number?
False
Is 2249 composite?
True
Is 395699 composite?
True
Is 13499 composite?
False
Is 230849 a prime number?
True
Is 7321 composite?
False
Is 12461 a composite number?
True
Is 3421483 a composite number?
True
Is 102317 a composite number?
False
Is 109891 prime?
True
Is 129329 a prime number?
False
Is 5917 prime?
False
Is 19029 a prime number?
False
Is 8923 a composite number?
False
Is 82883 composite?
False
Is 149585 a composite number?
True
Is 2552207 composite?
True
Is 8191 prime?
True
Is 12439 composite?
True
Is 3487 a prime number?
False
Is 1224673 composite?
False
Is 243301 prime?
True
Is 32957 a prime number?
True
Is 425977 a composite number?
False
Is 11351 a composite number?
False
Is 1395301 a composite number?
False
Is 12941 composite?
False
Is 281555 a composite number?
True
Is 71741 prime?
True
Is 1138171 a composite number?
False
Is 116803 a prime number?
True
Is 44399 a prime number?
False
Is 133897 composite?
True
Is 12953 prime?
True
Is 13861 prime?
False
Is 203531 prime?
True
Is 3389 composite?
False
Is 15787 a prime number?
True
Is 5663 a prime number?
False
Is 19403 a composite number?
False
Is 164009 prime?
False
Is 29123 a prime number?
True
Is 8705 prime?
False
Is 24347 prime?
False
Is 17669 a prime number?
Tr